 common factor of 9 and 8557668.
9
What is the highest common factor of 1351 and 843451?
7
Calculate the highest common factor of 2852 and 16781881.
713
What is the highest common divisor of 1403647 and 15057?
1673
What is the highest common divisor of 724 and 9751737?
181
Calculate the highest common divisor of 695247 and 231.
21
Calculate the greatest common divisor of 138851 and 1.
1
What is the highest common divisor of 6128500 and 2030?
70
Calculate the highest common factor of 176418 and 9702.
198
What is the greatest common factor of 18975066 and 297?
33
Calculate the highest common divisor of 57910312 and 1510.
302
What is the highest common divisor of 1098444571 and 17045?
3409
Calculate the greatest common divisor of 168816 and 17232.
48
What is the highest common divisor of 3796 and 4721821?
13
Calculate the greatest common factor of 13899 and 16308951.
339
What is the highest common divisor of 119190 and 2691365?
685
What is the highest common divisor of 200380 and 215860?
860
What is the greatest common divisor of 8 and 2439800?
8
Calculate the highest common divisor of 16609173 and 399.
399
What is the greatest common divisor of 2920697 and 3?
1
What is the greatest common factor of 74592 and 277494?
42
Calculate the highest common factor of 754 and 328541.
29
What is the greatest common divisor of 4722160 and 18224?
1072
Calculate the highest common divisor of 735079 and 333.
37
Calculate the highest common divisor of 12183834 and 60.
6
What is the highest common factor of 1460041 and 177643?
401
Calculate the greatest common divisor of 3162 and 3876.
102
Calculate the greatest common divisor of 676 and 2893488.
52
What is the greatest common factor of 6977314 and 10?
2
Calculate the highest common factor of 4 and 562721396.
4
Calculate the greatest common divisor of 64253739 and 473.
473
Calculate the highest common factor of 5554780 and 231308.
308
Calculate the highest common divisor of 21248 and 1835776.
256
Calculate the greatest common divisor of 27169456 and 5663.
809
What is the highest common factor of 322 and 6234403?
161
What is the greatest common divisor of 139994130 and 390?
30
Calculate the highest common factor of 2569587 and 9.
3
Calculate the highest common factor of 8162425 and 925.
25
What is the highest common factor of 102742 and 6888086?
2186
Calculate the highest common factor of 15464028 and 12.
12
What is the highest common factor of 500974040 and 460?
460
What is the highest common factor of 3155 and 2450173?
631
What is the highest common factor of 279353438 and 15610?
3122
Calculate the greatest common divisor of 35 and 28268240.
35
What is the highest common divisor of 284 and 1645497988?
284
What is the greatest common factor of 2002832 and 560?
16
Calculate the highest common factor of 89862280 and 160.
40
What is the greatest common divisor of 690329 and 1491029?
157
Calculate the highest common factor of 915284 and 123.
41
Calculate the highest common factor of 122487164 and 59480.
5948
Calculate the highest common divisor of 557 and 73683859.
557
What is the highest common factor of 13790 and 195370?
70
Calculate the highest common divisor of 407 and 662266.
11
What is the greatest common factor of 229 and 519601?
229
Calculate the highest common factor of 263430 and 5430.
30
What is the greatest common factor of 3456 and 692712?
216
Calculate the greatest common factor of 14 and 14789706.
2
What is the greatest common factor of 118645 and 14145985?
1945
Calculate the greatest common factor of 3720 and 589240.
40
What is the highest common divisor of 464778 and 20850372?
3078
Calculate the greatest common factor of 863055824 and 16.
16
What is the greatest common divisor of 67856940 and 1620?
1620
Calculate the highest common divisor of 174709 and 1364777.
731
Calculate the greatest common divisor of 3292 and 106167.
823
What is the highest common divisor of 13616 and 2072208?
368
Calculate the greatest common divisor of 288 and 4046176.
32
What is the greatest common factor of 584 and 65639848?
584
Calculate the greatest common divisor of 28350 and 210294.
126
Calculate the highest common divisor of 12 and 122548236.
12
Calculate the highest common divisor of 1750028 and 140.
28
What is the greatest common divisor of 11132331 and 34?
17
Calculate the greatest common factor of 17126643 and 123.
123
Calculate the greatest common divisor of 7884 and 207738.
54
Calculate the highest common factor of 135634324 and 582.
194
What is the greatest common factor of 32 and 1340704?
32
What is the highest common divisor of 1696702 and 136?
34
What is the highest common factor of 27186495 and 105?
105
What is the highest common factor of 32 and 1627982112?
32
Calculate the greatest common divisor of 81750 and 595685.
545
Calculate the greatest common factor of 216 and 30809538.
54
What is the greatest common factor of 28963096 and 152?
8
Calculate the highest common divisor of 3690 and 381413898.
738
What is the highest common divisor of 161172 and 432696?
1452
What is the greatest common factor of 1420 and 509384530?
710
What is the greatest common factor of 5600243 and 242?
121
Calculate the highest common divisor of 244200 and 82200.
600
Calculate the greatest common factor of 18432245 and 3029.
13
Calculate the greatest common factor of 831726 and 1185282.
2898
Calculate the highest common divisor of 610569 and 122436.
1611
What is the greatest common divisor of 27382672 and 248?
248
What is the highest common factor of 9027714 and 42272?
2642
Calculate the highest common divisor of 246100 and 38520.
2140
Calculate the greatest common divisor of 636 and 570126.
6
Calculate the highest common divisor of 23836 and 2893448.
404
Calculate the greatest common divisor of 352820 and 212290.
2990
What is the highest common divisor of 2344878 and 12?
6
What is the greatest common factor of 805 and 10803905?
805
Calculate the highest common factor of 20032757 and 802.
401
What is the greatest common divisor of 40 and 3157220?
20
Calculate the greatest common factor of 98139 and 2148.
3
What is the greatest common factor of 435095 and 48613?
173
What is the greatest common divisor of 2519 and 58316911?
229
Calculate the greatest common factor of 56876640 and 960.
480
What is the greatest common divisor of 23 and 4030934?
23
What is the greatest common divisor of 133194 and 244742?
158
What is the highest common factor of 86479 and 153?
17
Calculate the highest common divisor of 13206 and 142998.
6
Calculate the greatest common factor of 151996774 and 17130.
1142
What is the highest common factor of 7510 and 3890?
10
What is the highest common factor of 154290 and 7727983?
139
What is the greatest common factor of 315 and 4410867195?
315
Calculate the greatest common factor of 14004 and 243792.
36
What is the highest common divisor of 7054788 and 82725?
3309
Calculate the greatest common divisor of 198499 and 71540.
49
What is the highest common divisor of 508 and 2508093536?
508
Calculate the highest common factor of 250940740 and 136.
68
Calculate the highest common factor of 919 and 16416097.
919
Calculate the greatest common divisor of 15145 and 6310805.
1165
Calculate the greatest common divisor of 744 and 4600338.
186
Calculate the highest common divisor of 23431 and 9.
1
Calculate the greatest common divisor of 181 and 706816946.
181
What is the highest common factor of 2071109 and 1199?
109
What is the highest common factor of 355387 and 51837?
467
Calculate the highest common divisor of 35 and 1275825355.
35
Calculate the greatest common divisor of 34006 and 1745410.
694
What is the greatest common divisor of 679469 and 20566?
791
Calculate the highest common factor of 3039606 and 3443634.
4698
Calculate the greatest common factor of 52550468 and 68.
68
Calculate the highest common divisor of 2581 and 299715.
29
What is the greatest common factor of 1371531 and 10845?
723
What is the highest common divisor of 5987001 and 564?
141
Calculate the greatest common divisor of 374 and 3193246.
34
What is the greatest common factor of 280 and 125540?
20
What is the highest common divisor of 631034101 and 289?
289
Calculate the highest common divisor of 362877419 and 669.
223
What is the greatest common divis